or of 12891167?
False
Does 132 divide 61304232?
True
Does 69 divide 24089418?
True
Is 11768400 a multiple of 21?
True
Is 1354584309 a multiple of 13?
True
Is 108516914 a multiple of 2302?
False
Does 13 divide 229261324?
False
Is 383919176 a multiple of 286?
False
Is 246 a factor of 46581822?
True
Does 15 divide 149682434?
False
Is 1532550607 a multiple of 1248?
False
Is 2310304 a multiple of 10?
False
Is 28274937 a multiple of 472?
False
Is 129 a factor of 6707097?
True
Does 149 divide 98574377?
True
Is 17 a factor of 17081685?
True
Is 77 a factor of 166630224?
False
Does 3 divide 1006148?
False
Is 127 a factor of 138083290?
True
Is 14 a factor of 88743656?
False
Is 25626942 a multiple of 197?
True
Does 996 divide 163832040?
True
Is 823047976 a multiple of 4?
True
Is 255197976 a multiple of 419?
False
Does 130 divide 1681122931?
False
Is 185169231 a multiple of 589?
True
Is 14 a factor of 4980923430?
True
Is 236391013 a multiple of 269?
True
Is 1643117928 a multiple of 24?
True
Is 724931343 a multiple of 333?
True
Is 8720040 a multiple of 588?
True
Is 1646 a factor of 106231194?
True
Is 34148685 a multiple of 4?
False
Is 16367220 a multiple of 30?
True
Does 307 divide 165526418?
True
Is 22 a factor of 68273656?
True
Is 28 a factor of 314493592?
True
Does 338 divide 6137066?
True
Does 10 divide 148844270?
True
Is 1385 a factor of 931772600?
True
Is 34 a factor of 1866972783?
False
Is 12948036 a multiple of 116?
True
Does 655 divide 166077870?
True
Does 16 divide 876138208?
True
Is 767425303 a multiple of 379?
False
Is 61 a factor of 443135413?
False
Is 94 a factor of 43437993?
False
Is 109 a factor of 151719280?
True
Is 4446 a factor of 259382444?
False
Is 3 a factor of 16175562?
True
Is 1188239296 a multiple of 452?
True
Is 2904720 a multiple of 91?
True
Does 7 divide 56296952?
False
Is 1931 a factor of 103445601?
True
Is 44330676 a multiple of 2262?
True
Is 605 a factor of 24962157?
False
Is 1309189622 a multiple of 7631?
True
Does 7 divide 60690598?
False
Is 74 a factor of 1381831?
False
Does 353 divide 78193383?
True
Does 45 divide 26672130?
True
Is 63882656 a multiple of 8?
True
Is 287148835 a multiple of 40?
False
Is 5725202 a multiple of 10?
False
Does 18 divide 11504592?
True
Does 64 divide 6116274899?
False
Is 57650060 a multiple of 34?
True
Is 23582923 a multiple of 13?
True
Is 2814873943 a multiple of 29?
False
Does 71 divide 98652938?
True
Is 6177614607 a multiple of 640?
False
Is 11 a factor of 3049145419?
False
Is 888 a factor of 308974554?
False
Does 1399 divide 51624499?
True
Is 18957375 a multiple of 375?
True
Is 387208000 a multiple of 13?
False
Is 221 a factor of 34368373?
True
Is 864442133 a multiple of 101?
True
Is 63124238 a multiple of 286?
False
Is 111723234 a multiple of 633?
True
Does 7944 divide 2847143529?
False
Does 251 divide 3233280?
False
Does 13 divide 610614758?
True
Does 14 divide 1697973304?
False
Does 1194 divide 241980816?
True
Is 67 a factor of 918816411?
False
Does 231 divide 714642852?
True
Does 10558 divide 208404362?
True
Is 5 a factor of 182485355?
True
Does 17 divide 117326303?
False
Does 87 divide 929272208?
False
Is 1066 a factor of 223762994?
True
Is 1732635294 a multiple of 4339?
False
Is 929947991 a multiple of 17?
True
Does 43 divide 4966700?
False
Is 76745385 a multiple of 401?
True
Does 2857 divide 3511253?
True
Does 51 divide 1085943?
True
Is 3844 a factor of 566974624?
True
Is 6178920 a multiple of 155?
True
Is 1607 a factor of 161579029?
True
Is 250238675 a multiple of 4?
False
Is 52035232 a multiple of 338?
False
Is 2583 a factor of 2807332381?
False
Does 38 divide 3834597214?
True
Is 1818257071 a multiple of 48?
False
Is 158488240 a multiple of 307?
False
Is 28997973 a multiple of 64?
False
Is 25 a factor of 704727291?
False
Is 17320729 even?
False
Is 11 a factor of 3889045555?
False
Is 191 a factor of 8088659?
True
Is 645 a factor of 384928089?
False
Does 1086 divide 1089350310?
True
Is 175 a factor of 386829880?
False
Is 241290244 even?
True
Is 106 a factor of 3693947148?
True
Is 7 a factor of 22804945?
False
Is 99361551 a multiple of 41?
False
Does 15 divide 2676280?
False
Does 521 divide 204571171?
True
Does 289 divide 63573642?
True
Does 1316 divide 120221163?
False
Is 4 a factor of 144643565?
False
Is 1905 a factor of 12803505?
True
Does 798 divide 1925885105?
False
Is 17 a factor of 86065628?
True
Does 537 divide 118919913?
False
Is 115 a factor of 489279000?
True
Is 43975626 a multiple of 315?
False
Is 9 a factor of 652684966?
False
Is 1021 a factor of 168491884?
False
Does 643 divide 129501486?
True
Does 9 divide 196405110?
True
Is 76737249 a multiple of 13?
False
Is 206 a factor of 108773150?
True
Does 5 divide 116446344?
False
Does 1734 divide 326215243?
False
Is 373 a factor of 387572130?
False
Is 7 a factor of 28180565?
True
Does 5 divide 568513999?
False
Is 908 a factor of 53652812?
True
Is 24039132 a multiple of 156?
True
Is 457504600 a multiple of 100?
True
Does 8 divide 4679008?
True
Is 57412080 a multiple of 10?
True
Is 8 a factor of 513437630?
False
Is 46530680 a multiple of 137?
True
Is 271 a factor of 37137027?
True
Is 552 a factor of 8375496?
True
Is 76172880 a multiple of 112?
True
Is 100372689 a multiple of 303?
True
Is 40 a factor of 21006866?
False
Is 90141705 a multiple of 347?
False
Is 136893245 a multiple of 4?
False
Is 9151 a factor of 1089472305?
True
Is 49 a factor of 1268138130?
True
Is 3821 a factor of 242936210?
False
Is 55 a factor of 57783880?
True
Is 78 a factor of 3908346?
True
Is 436 a factor of 66150173?
False
Is 293518687 a multiple of 274?
False
Is 867 a factor of 209848503?
False
Does 16 divide 2299351488?
True
Is 291114904 a multiple of 892?
True
Is 24811742 a multiple of 59?
True
Is 175 a factor of 14356300?
True
Is 714317376 a multiple of 258?
True
Does 27 divide 17539998?
False
Is 21 a factor of 2094418?
False
Is 6334 a factor of 67960965?
False
Is 99556610 a multiple of 1763?
True
Is 165450520 a multiple of 508?
True
Does 4869 divide 868697766?
True
Is 25586938 a multiple of 1037?
True
Does 219 divide 439355856?
False
Is 238 a factor of 1132316959?
False
Is 991 a factor of 310792465?
True
Is 274048334 a multiple of 2?
True
Is 23472020 a multiple of 572?
True
Does 968 divide 4425696?
True
Is 48793752 a multiple of 259?
False
Does 27 divide 23355713?
False
Does 51 divide 1338398457?
True
Is 4759246 a multiple of 19?
False
Is 1649376253 a multiple of 161?
True
Is 43 a factor of 40447258?
False
Is 110 a factor of 268739451?
False
Does 85 divide 52268540?
True
Does 685 divide 885521420?
True
Does 31 divide 188151741?
True
Is 119156731 a multiple of 701?
False
Does 304 divide 581856?
True
Does 13 divide 36606492?
True
Does 9 divide 51623586?
True
Does 172 divide 274198272?
True
Is 170 a factor of 22312500?
True
Does 7 divide 40533297?
True
Is 154842688 a multiple of 88?
True
Is 12 a factor of 9377700?
True
Is 2023 a factor of 604452170?
True
Is 702041951 a multiple of 77?
False
Does 21 divide 297850098?
True
Is 66 a factor of 90222?
True
Is 1464438167 a multiple of 251?
False
Is 123 a factor of 104704067?
False
Is 4609265071 a multiple of 17712?
False
Does 3875 divide 1133704875?
True
Does 738 divide 23942789?
False
Is 244 a factor of 27561264?
True
Is 79 a factor of 42460999?
True
Is 79 a factor of 7082824?
True
Does 711 divide 22625442?
True
Does 819 divide 187827003?
True
Is 96005608 a multiple of 899?
False
Is 18 a factor of 266681256?
False
Is 30 a factor of 3260939550?
True
Is 3825504 a multiple of 96?
True
Does 43 divide 205263682?
True
Is 2520191 a multiple of 297?
False
Does 27 divide 17997309?
True
Does 215 divide 190471236?
False
Does 467 divide 5060986720?
False
Is 78459786 a multiple of 27?
True
Is 2010 a factor of 17345137?
False
Is 2738 a factor of 1863419826?
True
Is 72604580 a multiple of 88?
False
Is 218984228 a multiple of 60?
False
Does 7 divide 6563858?
True
Does 1043 divide 9239937?
True
Is 546509274 a multiple of 129?
True
Is 5241555737 a multiple of 3851?
False
Is 90 a factor of 1494666090?
True
Is 7955460 a multiple of 36?
True
Is 842246417 a multiple of 44?
False
Is 669 a factor of 232915026?
True
Is 4 a factor of 71211675?
False
Is 22 a factor of 2149475570?
True
Is 236594610 a multiple of 255?
True
Is 1313620 a m